 - 7. Let h be a(-9). Calculate the remainder when t(h) is divided by 4.
2
Let w = 12 - 1. Suppose 3*j - 3*u - 6 = 0, -u - 27 = -5*j - 1. What is the remainder when w is divided by j?
5
Let d = 10 - -11. What is the remainder when ((-27)/(-4))/(1/12) is divided by d?
18
Calculate the remainder when 27 is divided by (-2 - -3) + 27/3.
7
Suppose 655 = 12*p - 7*p. Calculate the remainder when p is divided by 22.
21
Let t = 4 + -2. Suppose 0 = -3*l + 2*b + 15, 0 = -0*l + l - t*b - 5. Suppose -m = -3*k - 24, k = -m - 1 + l. Calculate the remainder when 16 is divided by m.
7
Suppose 0 = 5*v - 4*v - 24. What is the remainder when 69 is divided by v?
21
Suppose -4*f + 2 = 3*l - 0*f, -5*l - 5*f = -5. Suppose l*k - 60 = -s - 24, -5*k - 3*s = -88. Let r = 12 - 5. Calculate the remainder when k is divided by r.
6
Suppose -7*s + 2*s - 68 = -4*y, y - s = 17. Suppose 4*a + 4*j - 24 = 0, 3*a + j - 12 = -4*j. What is the remainder when y is divided by a?
8
Let z = 8 - 11. Let f be 5*4*z/(-30). Suppose 0 = -f*t - 2*n + 8, -2*t - 6*n + 5*n + 6 = 0. Calculate the remainder when 4 is divided by t.
0
Let d = 0 + 3. What is the remainder when 3 is divided by d?
0
Suppose -5*l + 3*r = 4*r - 45, -3*l = -4*r - 27. Suppose 18 = -5*m + 143. What is the remainder when m is divided by l?
7
What is the remainder when 31 is divided by 54/7 + (-14)/(-49)?
7
Let y be (2 + 0 - 3)*5. Let q(d) = -d**2 - 6*d - 1. Let k = -3 + 10. Calculate the remainder when k is divided by q(y).
3
Let d = 74 - 68. Calculate the remainder when 40 is divided by d.
4
Let r(p) = -39*p - 2. Calculate the remainder when r(-3) is divided by 40.
35
Let q(h) = h**3 - 24*h**2 + 23*h + 15. What is the remainder when 70 is divided by q(23)?
10
Let n(h) = -h**3 + 6*h**2 + 4*h - 5. What is the remainder when 73 is divided by n(6)?
16
Suppose -4*n - 12 = 2*x, -2*x + 3*x = n + 3. Let r = n + 6. Suppose 0 = r*q + q - 84. Calculate the remainder when q is divided by 11.
10
Suppose 5*p = 3*x - 42, 10*p + 34 = 5*p + x. Let n = 43 + p. Calculate the remainder when n is divided by 13.
11
Suppose 5*y - 31 = 9. Suppose -3*w - 3*m = -15, 2*m - y = -2*w - m. Let v = -12 - -25. Calculate the remainder when v is divided by w.
6
Let b = 3 - 3. Suppose 0 = -4*h - u - u, -3*h + 5*u = b. Suppose 10 = -l + 5*f, -2*f + h*f - 12 = -2*l. What is the remainder when 18 is divided by l?
8
Let y(f) = f**2 - 11*f + 9. Suppose 0 = -5*p - 5*s + 45, 0*s + 21 = p - 5*s. Calculate the remainder when 17 is divided by y(p).
8
Suppose 88 = 4*q + 4*o - 152, 2*q = -4*o + 114. What is the remainder when q + (3 - 3) + 3 is divided by 17?
15
What is the remainder when (-475)/(-10)*(-4)/(-5) is divided by 21?
17
Suppose t - 3*v = 19, t + 4*t = -2*v + 129. Suppose -2*a - n + 0 = 4, 5*n = -5*a - 15. Calculate the remainder when t is divided by (-2)/a - (-4 - 3).
7
Let h(w) be the first derivative of -w**3/3 + w**2/2 + 66*w + 2. Let f be h(0). Let g = f + -46. Calculate the remainder when g is divided by 7.
6
Let q = 6 + -5. Calculate the remainder when 25 is divided by q/(-4) - 29/(-4).
4
Suppose -4*y + 62 = -34. Let k(v) = v + 23. What is the remainder when y is divided by k(-14)?
6
Suppose 5*p - 4*x - 33 = 292, 0 = x. What is the remainder when p is divided by 23?
19
Suppose 15*w = -0*w + 330. Calculate the remainder when 59 is divided by w.
15
Let c(g) be the third derivative of g**6/120 + 7*g**5/60 - g**4/3 + 11*g**3/6 + 5*g**2. What is the remainder when 31 is divided by c(-8)?
9
Suppose -82 = -l - l. What is the remainder when l is divided by 16?
9
Suppose -17 - 25 = -r. Calculate the remainder when r is divided by 15.
12
Suppose -4*n + 12 = 2*q - 4, 5*q = -2*n. Suppose 4*o = n*y - 26, 5*y + 5*o = 10 + 25. Calculate the remainder when 9 is divided by y.
3
Let j be ((0/2)/(-1))/(-1). Let i = j + 2. Suppose -2*w - 2*b + 0 - 2 = 0, -i*w = 4*b + 12. What is the remainder when 7 is divided by w?
3
Let q = -2 + 5. Let i(j) = -j**2 + 13*j + 7. Calculate the remainder when i(13) is divided by q.
1
Let a(w) be the third derivative of w**6/120 - w**5/60 + w**4/24 + 3*w**3 - 3*w**2. Calculate the remainder when a(0) is divided by 10.
8
Let k(p) = -5*p**3 - 2*p**2 - 3*p + 7. What is the remainder when k(-3) is divided by 17?
14
Let b = -9 + 12. Suppose t - b = -4*r - 6, 2*r - 57 = -5*t. Calculate the remainder when 24 is divided by t.
11
Let s(f) = f**3 - 4*f**2 - f + 4. Let v be s(4). Let x be v + (53 - 2)/3. Let z = 42 - x. Calculate the remainder when z is divided by 7.
4
What is the remainder when 65 is divided by (-238)/(-21)*(-3)/(-2)?
14
Let h(p) = -p**3 - 5*p**2 - 6*p - 4. Let f be h(-4). Suppose -b + f = -9. What is the remainder when b is divided by 7?
6
Suppose -b + 98 = 5*f, 4*f + b - 121 + 42 = 0. Calculate the remainder when f is divided by (-1)/5 + 36/30 - -4.
4
Let i = -26 - -49. Calculate the remainder when i is divided by 13.
10
Let k(q) be the third derivative of q**6/20 + q**4/24 + 3*q**2. Calculate the remainder when k(1) is divided by 4.
3
Let c = -10 + 17. Calculate the remainder when c is divided by ((-16)/28)/((-1)/7).
3
Suppose 5*k - 5 = 30. What is the remainder when k is divided by (-46)/(-14) - 2/7?
1
Suppose -73 = 2*f - 157. Calculate the remainder when 165 is divided by f.
39
Let g = -3 + 18. Calculate the remainder when g is divided by 2 - (2 - -4)*-1.
7
Let d = 11 - 8. Suppose -2*o - o - 12 = 0, 8 = -d*y - 2*o. Suppose h + 0*h - 54 = y. What is the remainder when h is divided by 19?
16
Let x(o) = -9*o**3 + 2*o**2 + o. Suppose -3*p - 135 = -3*d - 2*d, -3*d - 3*p + 81 = 0. Calculate the remainder when d is divided by x(-1).
7
Let d(f) = 4*f - 65. Calculate the remainder when d(22) is divided by 13.
10
Suppose 0 = -3*i + 54 + 405. What is the remainder when i is divided by 39?
36
Suppose m + 0 = 5. Suppose m*i - 116 = 104. Calculate the remainder when i is divided by 9.
8
Let c = -7 - -14. Suppose c*g - 6 = 6*g. Let q = 19 + -8. Calculate the remainder when q is divided by g.
5
Suppose 3*x + 41 = 2*r, -r - 4*x - 38 = -3*r. Suppose -l = o - 11, -5*l + 2*o + 11 = -16. What is the remainder when r is divided by l?
4
Let k = 45 - 13. Let y(v) = -v**2 + v + 3. Let l be y(3). What is the remainder when k is divided by 14 - 5 - (1 + l)?
10
Let d = 56 + -38. Suppose z + z - 106 = 0. What is the remainder when z is divided by d?
17
Let w(x) be the first derivative of x**4/4 - 5*x**3/3 + 3*x**2/2 + 7*x + 4. Let k(n) = -7*n + 1. Calculate the remainder when w(5) is divided by k(-1).
6
Suppose 0 = k - 7 - 22. Let i = 48 - k. What is the remainder when 37 is divided by i?
18
Suppose 8*s - 5 - 35 = 0. Calculate the remainder when s is divided by 1.
0
Let u = 73 - 47. What is the remainder when u is divided by 7?
5
Let h(s) = s**3 + 7*s**2 - 4*s - 10. Let l be h(-7). Let z = l + -13. Calculate the remainder when z is divided by 4.
1
Let w(o) = o**2 - 3*o + 4. Suppose 0 = -0*h - 4*h - 24. What is the remainder when w(h) is divided by (-3 - -39)/2 - -2?
18
Let f(n) = -n**3 - n**2 + 2 - 1 + 0*n**2. Suppose 1 = s + 4. Calculate the remainder when f(s) is divided by 7.
5
Let g(l) = l**2 - 3*l - 3. Let n = 24 - 5. What is the remainder when g(8) is divided by n?
18
Suppose 2 + 4 = 3*n. Let t be 9*(5/3)/1. Let p = t + n. Calculate the remainder when p is divided by 9.
8
Suppose 2*y - 3 = 1. Calculate the remainder when (-2*y)/(-2) - -9 is divided by 6.
5
Let o = 79 - 20. What is the remainder when o is divided by 21?
17
Suppose -2*x + 30 = -96. What is the remainder when x is divided by 22?
19
Let v(w) = -w - 1. Suppose -x + 5*u + 6 = x, 0 = -2*x + 4*u + 4. Suppose 0 = 3*j - 3, -3*n + 0*j = 2*j - 5. What is the remainder when n is divided by v(x)?
0
Let a(z) = z**3 - 5*z**2 - 2*z + 1. Let n be a(6). Suppose -2*x = 1 - n. What is the remainder when x is divided by 7?
5
Let b = -149 + 216. Calculate the remainder when b is divided by 14.
11
Let u = -1 - -4. Suppose g + u = 0, 0 = -3*v - 2*g + 88 + 5. Calculate the remainder when v is divided by 17.
16
Let r(p) = p**3 + 8*p**2 + 7*p + 6. Let y(o) = 2*o - 4. Let b = 1 + 6. Calculate the remainder when y(b) is divided by r(-7).
4
Suppose 2*l + 22 + 4 = 0. Let c = -5 - l. Calculate the remainder when 38 is divided by c.
6
Let f(t) = -t**3 + 7*t**2 - 5*t + 5. What is the remainder when 149 is divided by